{"id":22757,"date":"2025-09-05T21:32:57","date_gmt":"2025-09-06T00:32:57","guid":{"rendered":"https:\/\/www.jardindelacosta.com.uy\/?post_type=product&#038;p=22757"},"modified":"2025-09-08T14:14:07","modified_gmt":"2025-09-08T17:14:07","slug":"taladro-electrico-equus-profesional-650w-con-percutor","status":"publish","type":"product","link":"https:\/\/www.jardindelacosta.com.uy\/?product=taladro-electrico-equus-profesional-650w-con-percutor","title":{"rendered":"Taladro El\u00e9ctrico Equus Profesional 650w con Percutor"},"content":{"rendered":"<p>Potencia 650W<\/p>\n<p>2 velocidades<\/p>\n<p>Velocidad variable<\/p>\n<p>Marcha adelante y reversa<\/p>\n<p>Empu\u00f1adura suave Soft Grip para una sujeci\u00f3n c\u00f3moda y segura<\/p>\n<p>Mango lateral ergon\u00f3mico<\/p>\n<p>Voltaje: 220V\/ 50Hz<\/p>\n<p>Velocidad sin carga: 0-2800r \/ min<\/p>\n<p>Frecuencia de impacto 44800 bpm<\/p>\n<p>Capacidad de perforaci\u00f3n: madera 25mm\/ metal 13mm<\/p>\n<p>Di\u00e1metro de Mandril: 13mm<\/p>\n<p>Calibre de profundidad de perforado<\/p>\n<p>Viene con 2m de cable<\/p>\n<p>Peso Bruto\/Neto 2,3kg \/2,1kg<\/p>\n","protected":false},"excerpt":{"rendered":"<p>Potencia 650W 2 velocidades Velocidad variable Marcha adelante y reversa Empu\u00f1adura suave Soft Grip para una sujeci\u00f3n c\u00f3moda y segura<\/p>\n","protected":false},"featured_media":22790,"comment_status":"open","ping_status":"closed","template":"","meta":[],"product_brand":[],"product_cat":[76],"product_tag":[],"class_list":{"0":"post-22757","1":"product","2":"type-product","3":"status-publish","4":"has-post-thumbnail","6":"product_cat-equus","8":"first","9":"instock","10":"shipping-taxable","11":"purchasable","12":"product-type-simple"},"jetpack_sharing_enabled":true,"_links":{"self":[{"href":"https:\/\/www.jardindelacosta.com.uy\/index.php?rest_route=\/wp\/v2\/product\/22757","targetHints":{"allow":["GET"]}}],"collection":[{"href":"https:\/\/www.jardindelacosta.com.uy\/index.php?rest_route=\/wp\/v2\/product"}],"about":[{"href":"https:\/\/www.jardindelacosta.com.uy\/index.php?rest_route=\/wp\/v2\/types\/product"}],"replies":[{"embeddable":true,"href":"https:\/\/www.jardindelacosta.com.uy\/index.php?rest_route=%2Fwp%2Fv2%2Fcomments&post=22757"}],"wp:featuredmedia":[{"embeddable":true,"href":"https:\/\/www.jardindelacosta.com.uy\/index.php?rest_route=\/wp\/v2\/media\/22790"}],"wp:attachment":[{"href":"https:\/\/www.jardindelacosta.com.uy\/index.php?rest_route=%2Fwp%2Fv2%2Fmedia&parent=22757"}],"wp:term":[{"taxonomy":"product_brand","embeddable":true,"href":"https:\/\/www.jardindelacosta.com.uy\/index.php?rest_route=%2Fwp%2Fv2%2Fproduct_brand&post=22757"},{"taxonomy":"product_cat","embeddable":true,"href":"https:\/\/www.jardindelacosta.com.uy\/index.php?rest_route=%2Fwp%2Fv2%2Fproduct_cat&post=22757"},{"taxonomy":"product_tag","embeddable":true,"href":"https:\/\/www.jardindelacosta.com.uy\/index.php?rest_route=%2Fwp%2Fv2%2Fproduct_tag&post=22757"}],"curies":[{"name":"wp","href":"https:\/\/api.w.org\/{rel}","templated":true}]}}