{"id":22915,"date":"2025-09-25T17:53:30","date_gmt":"2025-09-25T20:53:30","guid":{"rendered":"https:\/\/www.jardindelacosta.com.uy\/?post_type=product&#038;p=22915"},"modified":"2025-09-25T17:53:30","modified_gmt":"2025-09-25T20:53:30","slug":"sustrato-super-resaca-terrafertil-2","status":"publish","type":"product","link":"https:\/\/www.jardindelacosta.com.uy\/?product=sustrato-super-resaca-terrafertil-2","title":{"rendered":"Sustrato S\u00faper Resaca Terraf\u00e9rtil"},"content":{"rendered":"<h3>Beneficios<\/h3>\n<ul class=\"lista \">\n<li>Aporta las condiciones necesarias para las plantas con requerimientos de suelos \u00e1cidos.<\/li>\n<li>Favorece la aireaci\u00f3n y respiraci\u00f3n de las ra\u00edces, evitando la compactaci\u00f3n del medio.<\/li>\n<li>Aumenta la capacidad de retenci\u00f3n h\u00eddrica manteniendo por m\u00e1s tiempo la humedad en el suelo y la retenci\u00f3n de nutrientes.<\/li>\n<li>Evita los cambios bruscos de temperatura en el suelo.<\/li>\n<\/ul>\n","protected":false},"excerpt":{"rendered":"<p>Beneficios Aporta las condiciones necesarias para las plantas con requerimientos de suelos \u00e1cidos. Favorece la aireaci\u00f3n y respiraci\u00f3n de las<\/p>\n","protected":false},"featured_media":22916,"comment_status":"open","ping_status":"closed","template":"","meta":[],"product_brand":[],"product_cat":[70],"product_tag":[],"class_list":{"0":"post-22915","1":"product","2":"type-product","3":"status-publish","4":"has-post-thumbnail","6":"product_cat-insumos","8":"first","9":"instock","10":"shipping-taxable","11":"purchasable","12":"product-type-simple"},"jetpack_sharing_enabled":true,"_links":{"self":[{"href":"https:\/\/www.jardindelacosta.com.uy\/index.php?rest_route=\/wp\/v2\/product\/22915","targetHints":{"allow":["GET"]}}],"collection":[{"href":"https:\/\/www.jardindelacosta.com.uy\/index.php?rest_route=\/wp\/v2\/product"}],"about":[{"href":"https:\/\/www.jardindelacosta.com.uy\/index.php?rest_route=\/wp\/v2\/types\/product"}],"replies":[{"embeddable":true,"href":"https:\/\/www.jardindelacosta.com.uy\/index.php?rest_route=%2Fwp%2Fv2%2Fcomments&post=22915"}],"wp:featuredmedia":[{"embeddable":true,"href":"https:\/\/www.jardindelacosta.com.uy\/index.php?rest_route=\/wp\/v2\/media\/22916"}],"wp:attachment":[{"href":"https:\/\/www.jardindelacosta.com.uy\/index.php?rest_route=%2Fwp%2Fv2%2Fmedia&parent=22915"}],"wp:term":[{"taxonomy":"product_brand","embeddable":true,"href":"https:\/\/www.jardindelacosta.com.uy\/index.php?rest_route=%2Fwp%2Fv2%2Fproduct_brand&post=22915"},{"taxonomy":"product_cat","embeddable":true,"href":"https:\/\/www.jardindelacosta.com.uy\/index.php?rest_route=%2Fwp%2Fv2%2Fproduct_cat&post=22915"},{"taxonomy":"product_tag","embeddable":true,"href":"https:\/\/www.jardindelacosta.com.uy\/index.php?rest_route=%2Fwp%2Fv2%2Fproduct_tag&post=22915"}],"curies":[{"name":"wp","href":"https:\/\/api.w.org\/{rel}","templated":true}]}}