{"id":22917,"date":"2025-09-25T17:59:02","date_gmt":"2025-09-25T20:59:02","guid":{"rendered":"https:\/\/www.jardindelacosta.com.uy\/?post_type=product&#038;p=22917"},"modified":"2025-09-25T17:59:02","modified_gmt":"2025-09-25T20:59:02","slug":"sustrato-jardin-terrafertil-2","status":"publish","type":"product","link":"https:\/\/www.jardindelacosta.com.uy\/?product=sustrato-jardin-terrafertil-2","title":{"rendered":"Sustrato Jard\u00edn Terraf\u00e9rtil"},"content":{"rendered":"<h3>Beneficios<\/h3>\n<ul class=\"lista \">\n<li>Sustrato liviano y poroso.<\/li>\n<li>Especialmente desarrollado para ser utilizado como soporte de otras enmiendas org\u00e1nicas en canteros y macetas.<\/li>\n<li>A diferencia de la tierras o las arcillas, permiten la respiraci\u00f3n y desarrollo pleno de las ra\u00edces, evitando la compactaci\u00f3n y encharcamientos.<\/li>\n<li>Compost con alto grado de madurez y estabilidad que permiten asegurar la ausencia de sustancia fitot\u00f3xicas.<\/li>\n<li>Posee mecanismos de control biol\u00f3gico que le otorgan la propiedad de ser utilizado con \u00e9xito en el control de enfermedades de las plantas.<\/li>\n<\/ul>\n","protected":false},"excerpt":{"rendered":"<p>Beneficios Sustrato liviano y poroso. Especialmente desarrollado para ser utilizado como soporte de otras enmiendas org\u00e1nicas en canteros y macetas.<\/p>\n","protected":false},"featured_media":22918,"comment_status":"open","ping_status":"closed","template":"","meta":[],"product_brand":[],"product_cat":[70],"product_tag":[],"class_list":{"0":"post-22917","1":"product","2":"type-product","3":"status-publish","4":"has-post-thumbnail","6":"product_cat-insumos","8":"first","9":"instock","10":"shipping-taxable","11":"purchasable","12":"product-type-simple"},"jetpack_sharing_enabled":true,"_links":{"self":[{"href":"https:\/\/www.jardindelacosta.com.uy\/index.php?rest_route=\/wp\/v2\/product\/22917","targetHints":{"allow":["GET"]}}],"collection":[{"href":"https:\/\/www.jardindelacosta.com.uy\/index.php?rest_route=\/wp\/v2\/product"}],"about":[{"href":"https:\/\/www.jardindelacosta.com.uy\/index.php?rest_route=\/wp\/v2\/types\/product"}],"replies":[{"embeddable":true,"href":"https:\/\/www.jardindelacosta.com.uy\/index.php?rest_route=%2Fwp%2Fv2%2Fcomments&post=22917"}],"wp:featuredmedia":[{"embeddable":true,"href":"https:\/\/www.jardindelacosta.com.uy\/index.php?rest_route=\/wp\/v2\/media\/22918"}],"wp:attachment":[{"href":"https:\/\/www.jardindelacosta.com.uy\/index.php?rest_route=%2Fwp%2Fv2%2Fmedia&parent=22917"}],"wp:term":[{"taxonomy":"product_brand","embeddable":true,"href":"https:\/\/www.jardindelacosta.com.uy\/index.php?rest_route=%2Fwp%2Fv2%2Fproduct_brand&post=22917"},{"taxonomy":"product_cat","embeddable":true,"href":"https:\/\/www.jardindelacosta.com.uy\/index.php?rest_route=%2Fwp%2Fv2%2Fproduct_cat&post=22917"},{"taxonomy":"product_tag","embeddable":true,"href":"https:\/\/www.jardindelacosta.com.uy\/index.php?rest_route=%2Fwp%2Fv2%2Fproduct_tag&post=22917"}],"curies":[{"name":"wp","href":"https:\/\/api.w.org\/{rel}","templated":true}]}}